{"id":502,"date":"2014-08-08T22:09:49","date_gmt":"2014-08-08T22:09:49","guid":{"rendered":"http:\/\/www.shocksa.com\/wp\/?page_id=502"},"modified":"2014-09-26T18:34:50","modified_gmt":"2014-09-26T18:34:50","slug":"racing","status":"publish","type":"page","link":"https:\/\/www.shocksa.com\/?page_id=502","title":{"rendered":"Racing"},"content":{"rendered":"<div class=\"wpb_row vc_row-fluid\">\n\t<div class=\"vc_span8 wpb_column column_container\">\n\t\t<div class=\"wpb_wrapper\">\n\t\t\t\n\t<div class=\"wpb_raw_code wpb_content_element wpb_raw_html\">\n\t\t<div class=\"wpb_wrapper\">\n\t\t\t<h4>SUSPENSI\u00d3N RACING<\/h4>\n<ul>\n\t<li>Fabricaci\u00f3n de resortes espirales a medida seg\u00fan especificaciones de carga en libras o seg\u00fan muestra para veh\u00edculos full Racing.<\/li>\n<\/ul>\n<ul>\n\t<li>Para las necesidades espec\u00edficas de autos Racing que  necesita una distribuci\u00f3n especial de los pesos y puesta a punto de la suspensi\u00f3n en su rigidez altura y rebote. <\/li>\n<\/ul>\n<ul>\n\t<li>Importaci\u00f3n de suspensiones full Racing.Cons\u00faltenos con gusto le atendemos<\/li>\n<\/ul>\n<ul>\n\t<li><strong>Asesor\u00eda, garant\u00eda, evaluaci\u00f3n e instalaci\u00f3n gratis<\/strong><\/li>\n<\/ul>\n<ul>\n\t<li>Contamos con Taller de servicios especializado.<\/li>\n<\/ul>\n<ul>\n\t<li>Solicite una cotizaci\u00f3n al <span style=\"color:#FF0000; font-weight:bold; font-family:Arial, Helvetica, sans-serif;\">2471-1342<\/span> o envie un mensaje en nuestro cotizador.<\/li>\n<\/ul>\n\t\t<\/div> \n\t<\/div> \n\t\t<\/div> \n\t<\/div> \n\n\t<div class=\"vc_span4 wpb_column column_container\">\n\t\t<div class=\"wpb_wrapper\">\n\t\t\t<div class=\"wpb_images_carousel wpb_content_element clearfix\">\n    <div class=\"wpb_wrapper\">\n                <div id=\"vc-images-carousel-1\" data-ride=\"vc-carousel\" data-wrap=\"false\" style=\"width: 360px;\" data-interval=\"5000\" data-auto-height=\"yes\" data-mode=\"horizontal\" data-partial=\"false\" data-per-view=\"1\" data-hide-on-end=\"false\" class=\"vc-slide vc-carousel\">\n                        <!-- Indicators -->\n            <ol class=\"vc-carousel-indicators\">\n                                <li data-target=\"#vc-images-carousel-1\" data-slide-to=\"0\"><\/li>\n                                <li data-target=\"#vc-images-carousel-1\" data-slide-to=\"1\"><\/li>\n                                <li data-target=\"#vc-images-carousel-1\" data-slide-to=\"2\"><\/li>\n                                <li data-target=\"#vc-images-carousel-1\" data-slide-to=\"3\"><\/li>\n                                <li data-target=\"#vc-images-carousel-1\" data-slide-to=\"4\"><\/li>\n                            <\/ol>\n                        <!-- Wrapper for slides -->\n            <div class=\"vc-carousel-inner\">\n                <div class=\"vc-carousel-slideline\"><div class=\"vc-carousel-slideline-inner\">\n                                                            <div class=\"vc-item\"><div class=\"vc-inner\">\n                                                                    <a class=\"prettyphoto\" href=\"https:\/\/www.shocksa.com\/wp-content\/uploads\/2014\/08\/racing21.jpg\"  rel=\"prettyPhoto[rel-1777940557]\">\n                            <img src=\"https:\/\/www.shocksa.com\/wp-content\/uploads\/2014\/08\/racing21.jpg\" width=\"360\" height=\"360\" alt=\"racing2\" \/>                        <\/a>\n                                        <\/div><\/div>\n                                                            <div class=\"vc-item\"><div class=\"vc-inner\">\n                                                                    <a class=\"prettyphoto\" href=\"https:\/\/www.shocksa.com\/wp-content\/uploads\/2014\/08\/racing11.jpg\"  rel=\"prettyPhoto[rel-1706969694]\">\n                            <img src=\"https:\/\/www.shocksa.com\/wp-content\/uploads\/2014\/08\/racing11.jpg\" width=\"360\" height=\"360\" alt=\"racing1\" \/>                        <\/a>\n                                        <\/div><\/div>\n                                                            <div class=\"vc-item\"><div class=\"vc-inner\">\n                                                                    <a class=\"prettyphoto\" href=\"https:\/\/www.shocksa.com\/wp-content\/uploads\/2014\/08\/livianos4.jpg\"  rel=\"prettyPhoto[rel-307739868]\">\n                            <img src=\"https:\/\/www.shocksa.com\/wp-content\/uploads\/2014\/08\/livianos4.jpg\" width=\"360\" height=\"360\" alt=\"livianos4\" \/>                        <\/a>\n                                        <\/div><\/div>\n                                                            <div class=\"vc-item\"><div class=\"vc-inner\">\n                                                                    <a class=\"prettyphoto\" href=\"https:\/\/www.shocksa.com\/wp-content\/uploads\/2014\/08\/racing3.jpg\"  rel=\"prettyPhoto[rel-2084228002]\">\n                            <img src=\"https:\/\/www.shocksa.com\/wp-content\/uploads\/2014\/08\/racing3.jpg\" width=\"360\" height=\"360\" alt=\"racing3\" \/>                        <\/a>\n                                        <\/div><\/div>\n                                                            <div class=\"vc-item\"><div class=\"vc-inner\">\n                                                                    <a class=\"prettyphoto\" href=\"https:\/\/www.shocksa.com\/wp-content\/uploads\/2014\/08\/racing1.jpg\"  rel=\"prettyPhoto[rel-1424857751]\">\n                            <img src=\"https:\/\/www.shocksa.com\/wp-content\/uploads\/2014\/08\/racing1.jpg\" width=\"360\" height=\"360\" alt=\"racing1\" \/>                        <\/a>\n                                        <\/div><\/div>\n                                    <\/div><\/div>\n            <\/div>\n                        <!-- Controls -->\n            <a class=\"vc-left vc-carousel-control\" href=\"#vc-images-carousel-1\" data-slide=\"prev\">\n                <span class=\"icon-prev\"><\/span>\n            <\/a>\n            <a class=\"vc-right vc-carousel-control\" href=\"#vc-images-carousel-1\" data-slide=\"next\">\n                <span class=\"icon-next\"><\/span>\n            <\/a>\n                    <\/div>\n    <\/div><\/div>\n\t\t<\/div> \n\t<\/div> \n<\/div><div class=\"wpb_row vc_row-fluid\">\n\t<div class=\"vc_span6 wpb_column column_container\">\n\t\t<div class=\"wpb_wrapper\">\n\t\t\t<div class=\"wpb_row vc_row-fluid\">\n\t<div class=\"vc_span12 wpb_column column_container\">\n\t\t<div class=\"wpb_wrapper\">\n\t\t\t\n\t<div class=\"wpb_raw_code wpb_content_element wpb_raw_html\">\n\t\t<div class=\"wpb_wrapper\">\n\t\t\t<h4>Mas Informaci\u00f3n<\/h4>\n<hr>\nConozca m\u00e1s sobre la nuestros productos.\n\n\t\t<\/div> \n\t<\/div> \n\t\t<\/div> \n\t<\/div> \n<\/div>\n\t<div class=\"wpb_accordion wpb_content_element  not-column-inherit\" data-collapsible=no data-active-tab=\"1\">\n\t\t<div class=\"wpb_wrapper wpb_accordion_wrapper ui-accordion\">\n\t\t\t\n\t\t\t<div class=\"wpb_accordion_section group\">\n\t\t\t\t<h3 class=\"wpb_accordion_header ui-accordion-header\"><a href=\"#marcas-y-modelos\">Marcas y Modelos<\/a><\/h3>\n\t\t\t\t<div class=\"wpb_accordion_content ui-accordion-content clearfix\">\n\t\t\t\t\n\t<div class=\"wpb_text_column wpb_content_element \">\n\t\t<div class=\"wpb_wrapper\">\n\t\t\t<p>Toyota 99-10, Nissan 99-10, Mazda 99-10, Honda 99-10<\/p>\n\n\t\t<\/div> \n\t<\/div> \n\t\t\t\t<\/div>\n\t\t\t<\/div> \n\n\t\t\t<div class=\"wpb_accordion_section group\">\n\t\t\t\t<h3 class=\"wpb_accordion_header ui-accordion-header\"><a href=\"#especificaciones\">Especificaciones<\/a><\/h3>\n\t\t\t\t<div class=\"wpb_accordion_content ui-accordion-content clearfix\">\n\t\t\t\t\n\t<div class=\"wpb_raw_code wpb_content_element wpb_raw_html\">\n\t\t<div class=\"wpb_wrapper\">\n\t\t\t<ul>\n<li>Amortiguadores\/Suspensi\u00f3n con m\u00e1s largo para m\u00e1s recorrido de la rueda, v\u00e1lvulas m\u00e1s firmea para una conducci\u00f3n m\u00e1s controlada y un cuerpo m\u00e1s grande, con mayor capacidad de aceite para un funcionamiento superior.<\/li>\n<\/ul>\n\t\t<\/div> \n\t<\/div> \n\t\t\t\t<\/div>\n\t\t\t<\/div> \n\n\t\t\t<div class=\"wpb_accordion_section group\">\n\t\t\t\t<h3 class=\"wpb_accordion_header ui-accordion-header\"><a href=\"#cual-es-la-funcion-de-los-espirales\">\u00bfCu\u00e1l es la funci\u00f3n de los espirales?<\/a><\/h3>\n\t\t\t\t<div class=\"wpb_accordion_content ui-accordion-content clearfix\">\n\t\t\t\t\n\t<div class=\"wpb_raw_code wpb_content_element wpb_raw_html\">\n\t\t<div class=\"wpb_wrapper\">\n\t\t\t<p>La suspensi\u00f3n se compone de espirales y amortiguadores. Especialmente los espirales tienen un papel importante. Los espirales soportan el peso de todo el veh\u00edculo y sirven para amortiguar toda la carga por su elasticidad.<\/p>\n\n<p>Cuando un veh\u00edculo esta en marcha, esta elasticidad hace llegar la fuerza del motor a la superficie de la tierra y lo hace correr suavemente adaptandose a cualquier tipo de camino, aunque tenga baches. La altura del veh\u00edculo depende de los espirales. Los amortiguadores controlan el movimiento de los espirales. En particular, los controlan cuando alzan fuertemente. Para que pueda manejar su veh\u00edculo como desea, es indispensable mantener espirales y amortiguadores en buenas condiciones. Si uno de los dos funciona mal, influye en la seguridad y el confort del veh\u00edculo.<\/p>\n\t\t<\/div> \n\t<\/div> \n\t\t\t\t<\/div>\n\t\t\t<\/div> \n\n\t\t\t<div class=\"wpb_accordion_section group\">\n\t\t\t\t<h3 class=\"wpb_accordion_header ui-accordion-header\"><a href=\"#cuando-es-el-momento-para-cambiar-espirales\">\u00bfCuando es el momento para cambiar espirales?<\/a><\/h3>\n\t\t\t\t<div class=\"wpb_accordion_content ui-accordion-content clearfix\">\n\t\t\t\t\n\t<div class=\"wpb_raw_code wpb_content_element wpb_raw_html\">\n\t\t<div class=\"wpb_wrapper\">\n\t\t\t<p>Los espirales se van deteriorando poco a poco y no se puede notar f\u00e1cilmente su deterioro. Sin embargo cuando sobrepasa entre 30,000 y 40,000 KMS, ya est\u00e1n deformados. Cuando lleva el mismo espiral en el veh\u00edculo por m\u00e1s de 4 a\u00f1os, ya no siente la misma comodidad que sent\u00eda al principio.<p>\n\n<p>A continuaciones algunas de las se\u00f1ales para indicar que necesita cambiar sus espirales:<\/p>\n\n<p>-  Si empuja la carrocer\u00eda para abajo la parte superior del amortiguador choca con el cuerpo.<\/p>\n<p>-  La carrocer\u00eda mueve mucho y no se para el ruido en el amortiguador.<\/p>\n<p>-  La carrocer\u00eda no puede recuperar su posici\u00f3n.<\/p>\n<p>-  EL veh\u00edculo hace una curva muy grande.<\/p>\n<p>-  El nivel de la carrocer\u00eda ha bajado<\/p>\n<p>-  El veh\u00edculo emite ruido extra\u00f1o.<\/p>\n<p>-  La distancia de frenado es m\u00e1s larga de lo normal.<\/p>\n<p>-  Siente desigualdad en el veh\u00edculo.<\/p>\n<p>-  Cuando gira el volante, tiene mala reacci\u00f3n.<\/p>\n<p>-  Cuando acelera, la parte delantera se eleva.<\/p>\n<p>-  Cuando frena la parte delantera se inclina.<\/p>\n\n<p>Cuando aparecen los dichos s\u00edntomas, ha llegado el momento de cambiar los espirales. Para que sean m\u00e1s duraderos los amortiguadores y puedan sacar rendimiento de ellos el 100%, debe cambiar los espirales cada 2 veces de cambio de amortiguadores. La parte de suspensi\u00f3n, no consigue tener un buen funcionamiento si otras piezas est\u00e1n deterioradas. En cambio, se hace m\u00e1s efectivo si cambia los espirales al mismo tiempo que los amortiguadores.<\/p>\n\n<p>Si desea seguir conduciendo el mismo veh\u00edculo m\u00e1s de 3 a\u00f1os, debe cambiar los espirales y los amortiguadores para recuperar y mantener la comodidad y manejabilidad que sent\u00eda cuando estaba nuevo. Por supuesto, es aconsejable que cambie otras partes de suspensi\u00f3n al mismo tiempo.<\/p>\n\t\t<\/div> \n\t<\/div> \n\t\t\t\t<\/div>\n\t\t\t<\/div> \n\n\t\t\t<div class=\"wpb_accordion_section group\">\n\t\t\t\t<h3 class=\"wpb_accordion_header ui-accordion-header\"><a href=\"#como-son-la-comodidad-y-seguridad-de-un-vehiculo\">\u00bfComo son la comodidad y seguridad de un vehiculo?<\/a><\/h3>\n\t\t\t\t<div class=\"wpb_accordion_content ui-accordion-content clearfix\">\n\t\t\t\t\n\t<div class=\"wpb_raw_code wpb_content_element wpb_raw_html\">\n\t\t<div class=\"wpb_wrapper\">\n\t\t\t<p>Cuando un veh\u00edculo lleva muchos pasajeros o mucha carga en un camino desigual o desnivelado, los espirales reciben impactos fuertes desde la superficie del camino. Cuando gira r\u00e1pidamente en una curva aguda de un camino monta\u00f1oso, se precisa m\u00e1s funci\u00f3n de los espirales. En zonas donde se suele utilizar el anticongelante debido a baja temperatura o zonas muy lluviosas, los espirales se deterioran m\u00e1s r\u00e1pido que lo normal porque el barro llega hasta la parte de la suspensi\u00f3n del veh\u00edculo.<\/p>\n\n<p>Por la deformaci\u00f3n permanente, la parte superior del amortiguador choca contra el cuerpo y necesita m\u00e1s distancia al pararse. La suspensi\u00f3n est\u00e1 relacionada directamente con el movimiento del veh\u00edculo. Conducir peligroso e incluso puede causar un accidente de tr\u00e1fico. Suponiendo que el peso de un veh\u00edculo es de 1.6 toneladas, esto equivale al peso total de 32 personas de 50 kilos.<\/p>\n\t\t<\/div> \n\t<\/div> \n\t\t\t\t<\/div>\n\t\t\t<\/div> \n\n\t\t<\/div> \n\t<\/div> \n\t\t<\/div> \n\t<\/div> \n\n\t<div class=\"vc_span6 wpb_column column_container\">\n\t\t<div class=\"wpb_wrapper\">\n\t\t\t<div class=\"wpb_row vc_row-fluid\">\n\t<div class=\"vc_span12 wpb_column column_container\">\n\t\t<div class=\"wpb_wrapper\">\n\t\t\t\n\t<div class=\"wpb_raw_code wpb_content_element wpb_raw_html\">\n\t\t<div class=\"wpb_wrapper\">\n\t\t\t<h4>Solicite una cotizaci\u00f3n<\/h4>\n<hr>\nFavor de llenar la siguiente informaci\u00f3n y con gusto nos comunicaremos.\n\n\t\t<\/div> \n\t<\/div> \n\t\t<\/div> \n\t<\/div> \n<\/div><div role=\"form\" class=\"wpcf7\" id=\"wpcf7-f670-o1\" lang=\"es-ES\" dir=\"ltr\">\n<div class=\"screen-reader-response\"><p role=\"status\" aria-live=\"polite\" aria-atomic=\"true\"><\/p> <ul><\/ul><\/div>\n<form action=\"\/index.php?rest_route=%2Fwp%2Fv2%2Fpages%2F502#wpcf7-f670-o1\" method=\"post\" class=\"wpcf7-form init\" novalidate=\"novalidate\" data-status=\"init\">\n<div style=\"display: none;\">\n<input type=\"hidden\" name=\"_wpcf7\" value=\"670\" \/>\n<input type=\"hidden\" name=\"_wpcf7_version\" value=\"5.4.2\" \/>\n<input type=\"hidden\" name=\"_wpcf7_locale\" value=\"es_ES\" \/>\n<input type=\"hidden\" name=\"_wpcf7_unit_tag\" value=\"wpcf7-f670-o1\" \/>\n<input type=\"hidden\" name=\"_wpcf7_container_post\" value=\"0\" \/>\n<input type=\"hidden\" name=\"_wpcf7_posted_data_hash\" value=\"\" \/>\n<input type=\"hidden\" name=\"_wpcf7_recaptcha_response\" value=\"\" \/>\n<\/div>\n<p>Su nombre (requerido)<br \/>\n    <span class=\"wpcf7-form-control-wrap your-name\"><input type=\"text\" name=\"your-name\" value=\"\" size=\"40\" class=\"wpcf7-form-control wpcf7-text wpcf7-validates-as-required\" aria-required=\"true\" aria-invalid=\"false\" \/><\/span> <\/p>\n<p>Telefono (requerido)<br \/>\n<span class=\"wpcf7-form-control-wrap text-325\"><input type=\"text\" name=\"text-325\" value=\"\" size=\"40\" class=\"wpcf7-form-control wpcf7-text wpcf7-validates-as-required\" aria-required=\"true\" aria-invalid=\"false\" \/><\/span><\/p>\n<p>Su e-mail (requerido)<br \/>\n    <span class=\"wpcf7-form-control-wrap your-email\"><input type=\"email\" name=\"your-email\" value=\"\" size=\"40\" class=\"wpcf7-form-control wpcf7-text wpcf7-email wpcf7-validates-as-required wpcf7-validates-as-email\" aria-required=\"true\" aria-invalid=\"false\" \/><\/span> <\/p>\n<p>Marca y Modelo Vehiculo<br \/>\n    <span class=\"wpcf7-form-control-wrap your-subject\"><input type=\"text\" name=\"your-subject\" value=\"\" size=\"40\" class=\"wpcf7-form-control wpcf7-text\" aria-invalid=\"false\" \/><\/span> <\/p>\n<p>Su mensaje<br \/>\n    <span class=\"wpcf7-form-control-wrap your-message\"><textarea name=\"your-message\" cols=\"40\" rows=\"10\" class=\"wpcf7-form-control wpcf7-textarea\" aria-invalid=\"false\"><\/textarea><\/span> <\/p>\n<p><input type=\"submit\" value=\"Enviar\" class=\"wpcf7-form-control wpcf7-submit\" \/><\/p>\n<div class=\"wpcf7-response-output\" aria-hidden=\"true\"><\/div><\/form><\/div>\n\t\t<\/div> \n\t<\/div> \n<\/div>\n","protected":false},"excerpt":{"rendered":"SUSPENSI\u00d3N RACING Fabricaci\u00f3n de resortes espirales a medida seg\u00fan especificaciones de carga en libras o seg\u00fan muestra para veh\u00edculos full Racing. Para las necesidades espec\u00edficas de autos Racing que necesita una distribuci\u00f3n especial de los pesos y puesta a punto de la suspensi\u00f3n en su rigidez altura y rebote. Importaci\u00f3n de suspensiones full Racing.Cons\u00faltenos con [...]","protected":false},"author":1,"featured_media":629,"parent":0,"menu_order":0,"comment_status":"closed","ping_status":"closed","template":"page-full-width.php","meta":[],"_links":{"self":[{"href":"https:\/\/www.shocksa.com\/index.php?rest_route=\/wp\/v2\/pages\/502"}],"collection":[{"href":"https:\/\/www.shocksa.com\/index.php?rest_route=\/wp\/v2\/pages"}],"about":[{"href":"https:\/\/www.shocksa.com\/index.php?rest_route=\/wp\/v2\/types\/page"}],"author":[{"embeddable":true,"href":"https:\/\/www.shocksa.com\/index.php?rest_route=\/wp\/v2\/users\/1"}],"replies":[{"embeddable":true,"href":"https:\/\/www.shocksa.com\/index.php?rest_route=%2Fwp%2Fv2%2Fcomments&post=502"}],"version-history":[{"count":8,"href":"https:\/\/www.shocksa.com\/index.php?rest_route=\/wp\/v2\/pages\/502\/revisions"}],"predecessor-version":[{"id":911,"href":"https:\/\/www.shocksa.com\/index.php?rest_route=\/wp\/v2\/pages\/502\/revisions\/911"}],"wp:featuredmedia":[{"embeddable":true,"href":"https:\/\/www.shocksa.com\/index.php?rest_route=\/wp\/v2\/media\/629"}],"wp:attachment":[{"href":"https:\/\/www.shocksa.com\/index.php?rest_route=%2Fwp%2Fv2%2Fmedia&parent=502"}],"curies":[{"name":"wp","href":"https:\/\/api.w.org\/{rel}","templated":true}]}}